at are the prime factors of 222936089?
222936089
List the prime factors of 361200666.
2, 3, 17, 367, 9649
What are the prime factors of 178553808?
2, 3, 311, 443
What are the prime factors of 177852039?
3, 5179, 11447
What are the prime factors of 231174560?
2, 5, 613, 2357
What are the prime factors of 3113440527?
3, 2437, 425857
List the prime factors of 747178316.
2, 186794579
What are the prime factors of 5993669417?
881, 6803257
What are the prime factors of 441831589?
59, 7488671
List the prime factors of 1229348901.
3, 11, 89, 641, 653
What are the prime factors of 1111157267?
11, 101014297
What are the prime factors of 45073368?
2, 3, 208673
List the prime factors of 393233853.
3, 31, 853, 4957
List the prime factors of 319466293.
319466293
List the prime factors of 581083667.
71, 103, 181, 439
List the prime factors of 62037464.
2, 7754683
List the prime factors of 49815673.
5281, 9433
List the prime factors of 28755724.
2, 31, 231901
List the prime factors of 37750654.
2, 97, 194591
List the prime factors of 7771031627.
103, 75446909
What are the prime factors of 278138233?
43, 641, 10091
What are the prime factors of 47187635?
5, 11, 857957
What are the prime factors of 591929946?
2, 3, 32884997
What are the prime factors of 31558390?
2, 5, 3155839
What are the prime factors of 30613160?
2, 5, 765329
List the prime factors of 36687442.
2, 11, 19, 79, 101
List the prime factors of 61984785.
3, 5, 1181, 3499
List the prime factors of 2240535236.
2, 5237, 106957
List the prime factors of 1177221193.
37, 31816789
List the prime factors of 765944827.
23, 33301949
List the prime factors of 2912868430.
2, 5, 541, 538423
List the prime factors of 829538957.
13, 101, 631789
List the prime factors of 344833068.
2, 3, 311, 92399
List the prime factors of 5125464006.
2, 3, 13, 65711077
What are the prime factors of 96454313?
9187, 10499
List the prime factors of 97106073.
3, 283, 114377
List the prime factors of 29033858.
2, 7, 17, 43, 2837
What are the prime factors of 71935469?
31, 53, 43783
List the prime factors of 3531379.
79, 44701
What are the prime factors of 171632802?
2, 3, 11, 31, 149, 563
List the prime factors of 854463.
3, 271, 1051
What are the prime factors of 45138809?
1663, 27143
What are the prime factors of 2332604420?
2, 5, 307, 379903
What are the prime factors of 1385765237?
22861, 60617
What are the prime factors of 388833245?
5, 1129, 68881
List the prime factors of 2168143986.
2, 3, 67, 5393393
List the prime factors of 79926410.
2, 5, 2371, 3371
List the prime factors of 185460975.
3, 5, 7, 39251
List the prime factors of 10358967.
3, 17, 203117
List the prime factors of 53831163.
3, 17, 29, 2141
What are the prime factors of 7551241949?
7551241949
What are the prime factors of 1773025623?
3, 67, 103, 28547
List the prime factors of 1198732895.
5, 19, 83, 152027
List the prime factors of 304404640.
2, 5, 61, 31189
List the prime factors of 5326742.
2, 37, 71983
List the prime factors of 13692508.
2, 1709, 2003
What are the prime factors of 2011111242?
2, 3, 7, 47883601
List the prime factors of 111350009.
5717, 19477
What are the prime factors of 2782770214?
2, 7, 1021, 194681
What are the prime factors of 23491843?
173, 251, 541
List the prime factors of 6428656.
2, 13, 31, 997
List the prime factors of 69186687.
3, 23062229
List the prime factors of 29077674.
2, 3, 4846279
List the prime factors of 105908402.
2, 17, 3114953
What are the prime factors of 1434111698?
2, 1201, 597049
What are the prime factors of 68005361?
68005361
List the prime factors of 114880412.
2, 37, 776219
What are the prime factors of 3127873662?
2, 3, 37, 4696507
What are the prime factors of 50623956?
2, 3, 1406221
What are the prime factors of 142758167?
131, 1089757
List the prime factors of 1336579971.
3, 37, 12041261
What are the prime factors of 2411890?
2, 5, 13, 18553
What are the prime factors of 57118108?
2, 23, 620849
What are the prime factors of 46675442?
2, 11, 29, 149, 491
What are the prime factors of 639424010?
2, 5, 37, 263, 6571
List the prime factors of 190600880.
2, 5, 2382511
What are the prime factors of 93068526?
2, 3, 15511421
What are the prime factors of 27192462?
2, 3, 11, 412007
What are the prime factors of 601088003?
23, 41, 637421
List the prime factors of 114182294.
2, 41, 659, 2113
What are the prime factors of 25775850?
2, 3, 5, 227, 757
What are the prime factors of 70401557?
70401557
What are the prime factors of 3813515266?
2, 11, 173341603
List the prime factors of 2991050492.
2, 3187, 234629
What are the prime factors of 66616256?
2, 7, 241, 617
What are the prime factors of 86839984?
2, 7, 11, 70487
What are the prime factors of 2894620827?
3, 7, 353, 390479
List the prime factors of 1467120023.
1467120023
What are the prime factors of 337950514?
2, 11, 17, 29, 31159
List the prime factors of 1221560045.
5, 263, 521, 1783
List the prime factors of 514529716.
2, 29, 67, 239, 277
What are the prime factors of 249155682?
2, 3, 479, 86693
What are the prime factors of 570683307?
3, 2237, 85037
What are the prime factors of 1139776257?
3, 18041, 21059
List the prime factors of 714311679.
3, 10223, 23291
List the prime factors of 711262172.
2, 177815543
What are the prime factors of 86508601?
71, 131
List the prime factors of 664774685.
5, 29, 4584653
List the prime factors of 957600295.
5, 191520059
What are the prime factors of 27005911?
17, 193, 8231
List the prime factors of 1464391101.
3, 17, 43, 263, 2539
List the prime factors of 1481888541.
3, 7, 229, 308149
List the prime factors of 489550396.
2, 71, 1723769
What are the prime factors of 1271003597?
1271003597
List the prime factors of 222348506.
2, 509, 218417
List the prime factors of 2968157878.
2, 7, 212011277
What are the prime factors of 55210864?
2, 3450679
What are the prime factors of 40035240?
2, 3, 5, 7, 15887
What are the prime factors of 1067726774?
2, 19, 83, 338531
List the prime factors of 1704611821.
11, 463, 30427
What are the prime factors of 160086079?
160086079
What are the prime factors of 560694694?
2, 7, 137, 241, 1213
What are the prime factors of 2208660162?
2, 3, 17, 31, 59, 11839
List the prime factors of 661157623.
7, 94451089
List the prime factors of 336238513.
13, 109, 18253
What are the prime factors of 548391153?
3, 1217, 150203
What are the prime factors of 21044283?
3, 13, 17, 31741
What are the prime factors of 179528962?
2, 4289, 20929
List the prime factors of 307129787.
23, 1109, 12041
What are the prime factors of 11217407?
11217407
List the prime factors of 57554275.
5, 83, 27737
What are the prime factors of 111532840?
2, 5, 29, 96149
List the prime factors of 158650550.
2, 5, 23, 137957
What are the prime factors of 1407535933?
67, 21007999
List the prime factors of 439055204.
2, 7, 15680543
What are the prime factors of 402691009?
7, 463, 124249
What are the prime factors of 3041848452?
2, 3, 253487371
What are the prime factors of 55523793?
3, 13, 43, 113, 293
List the prime factors of 109491159.
3, 71, 331, 1553
List the prime factors of 90755516.
2, 23, 79, 12487
List the prime factors of 278544287.
7, 39792041
What are the prime factors of 1069744053?
3, 7, 23, 2214791
List the prime factors of 28807166.
2, 167, 86249
What are the prime factors of 33893759?
67, 505877
List the prime factors of 7785008.
2, 7, 11, 71, 89
What are the prime factors of 497969343?
3, 23, 801883
List the prime factors of 230471973.
3, 47, 60539
What are the prime factors of 12702774?
2, 3, 7, 17, 17791
List the prime factors of 1407082439.
7, 201011777
What are the prime factors of 122834765?
5, 24566953
List the prime factors of 1104809466.
2, 3, 184134911
List the prime factors of 6054036528.
2, 3, 269, 468869
What are the prime factors of 2660409013?
19, 191, 733097
List the prime factors of 46581143.
7, 167, 39847
List the prime factors of 35620113.
3, 2179, 5449
What are the prime factors of 420366222?
2, 3, 19, 1229141
List the prime factors of 182955228.
2, 3, 73, 2861
What are the prime factors of 22344748?
2, 397, 14071
What are the prime factors of 90079280?
2, 5, 1125991
What are the prime factors of 634530977?
22133, 28669
What are the prime factors of 94796005?
5, 71, 3761
What are the prime factors of 19